{"id":188,"date":"2025-07-10T05:20:05","date_gmt":"2025-07-10T05:20:05","guid":{"rendered":"https:\/\/kittygarden.cloud\/?page_id=188"},"modified":"2025-07-10T05:47:19","modified_gmt":"2025-07-10T05:47:19","slug":"warsztaty-makijazu-dla-firm","status":"publish","type":"page","link":"https:\/\/kittygarden.cloud\/index.php\/warsztaty-makijazu-dla-firm\/","title":{"rendered":"warsztaty makijazu dla firm"},"content":{"rendered":"\n<h1 class=\"wp-block-heading alignwide has-body-font-family\" style=\"font-size:clamp(2.2rem, 2.2rem + ((1vw - 0.2rem) * 3), 4rem);font-style:normal;font-weight:800\">WARSZTATY<br>MAKIJA\u017bU<\/h1>\n\n\n\n<h2 class=\"wp-block-heading alignwide has-body-font-family\" style=\"font-size:clamp(1.25rem, 1.25rem + ((1vw - 0.2rem) * 1.25), 2rem);font-style:normal;font-weight:700\">Oferta dla firm<\/h2>\n\n\n\n<div style=\"height:30px\" aria-hidden=\"true\" class=\"wp-block-spacer\"><\/div>\n\n\n\n<div class=\"wp-block-columns alignwide is-layout-flex wp-container-core-columns-is-layout-28f84493 wp-block-columns-is-layout-flex\">\n<div class=\"wp-block-column is-layout-flow wp-block-column-is-layout-flow\">\n<p><strong>Warsztaty dla kobiet to:<\/strong><\/p>\n\n\n\n<ul class=\"wp-block-list\">\n<li>Ogromny pakiet wiedzy na temat makija\u017cu do pracy.<\/li>\n\n\n\n<li>Wspaniale sp\u0119dzony czas<\/li>\n\n\n\n<li>\u015awietna atmosfera<\/li>\n<\/ul>\n<\/div>\n\n\n\n<div class=\"wp-block-column is-layout-flow wp-block-column-is-layout-flow\">\n<p><strong>Warsztaty to \u015bwietna propozycja na:<\/strong><\/p>\n\n\n\n<ul class=\"wp-block-list\">\n<li>Wyjazdy integracyjne<\/li>\n\n\n\n<li>Spotkania Bo\u017conarodzeniowe<\/li>\n\n\n\n<li>Dzie\u0144 Kobiet<\/li>\n<\/ul>\n<\/div>\n<\/div>\n\n\n\n<div style=\"height:30px\" aria-hidden=\"true\" class=\"wp-block-spacer\"><\/div>\n\n\n\n<div class=\"wp-block-group alignwide has-global-padding is-content-justification-left is-layout-constrained wp-container-core-group-is-layout-12dd3699 wp-block-group-is-layout-constrained\">\n<p><strong>Przebieg warsztat\u00f3w:<\/strong><br>\u2022 Podstawy piel\u0119gnacji sk\u00f3ry i przygotowanie jej pod makija\u017c<br>\u2022 Om\u00f3wienie etap\u00f3w makija\u017cu<br>\u2022 Wykonanie makija\u017cu w\u0142a\u015bciwego pod opiek\u0105 instruktora<br>\u2022 Wzbogacenie makija\u017cu o elementy makija\u017cu wieczorowego<br>\u2022 Podsumowanie efekt\u00f3w pracy<br>\u2022 Pytania i odpowiedzi<\/p>\n\n\n\n<p><strong>Zapewniamy:<\/strong><br>\u2022 Akcesoria do wykonania makija\u017cu (lustra, p\u0119dzle itd.)<br>\u2022 Luksusowe kosmetyki do wykonania ca\u0142ego makija\u017cu (Panie nie musz\u0105 mie\u0107 swoich kosmetyk\u00f3w)<br>\u2022 Produkty i akcesoria do demakija\u017cu<\/p>\n<\/div>\n\n\n\n<div style=\"height:100px\" aria-hidden=\"true\" class=\"wp-block-spacer\"><\/div>\n\n\n\n<div class=\"wp-block-columns alignwide is-layout-flex wp-container-core-columns-is-layout-28f84493 wp-block-columns-is-layout-flex\">\n<div class=\"wp-block-column is-layout-flow wp-block-column-is-layout-flow\">\n<h3 class=\"wp-block-heading has-body-font-family\" style=\"font-style:normal;font-weight:700\">PODSTAWOWY<\/h3>\n\n\n\n<p style=\"margin-top:0;margin-bottom:0;font-style:normal;font-weight:700\">350 pln*<\/p>\n\n\n\n<ul class=\"wp-block-list\">\n<li>6 do 10 kursant\u00f3w<\/li>\n\n\n\n<li>4h szkolenia<\/li>\n<\/ul>\n<\/div>\n\n\n\n<div class=\"wp-block-column is-layout-flow wp-block-column-is-layout-flow\">\n<h3 class=\"wp-block-heading has-body-font-family\" style=\"font-style:normal;font-weight:700\">ROZSZERZONY<\/h3>\n\n\n\n<p style=\"margin-top:0;margin-bottom:0;font-style:normal;font-weight:700\">300 pln*<\/p>\n\n\n\n<ul class=\"wp-block-list\">\n<li>12 do 20 kursant\u00f3w<\/li>\n\n\n\n<li>4h szkolenia w 2 grupach<\/li>\n<\/ul>\n<\/div>\n\n\n\n<div class=\"wp-block-column is-layout-flow wp-block-column-is-layout-flow\">\n<h3 class=\"wp-block-heading has-body-font-family\" style=\"font-style:normal;font-weight:700\">INDYWIDUALNY<\/h3>\n\n\n\n<p style=\"margin-top:0;margin-bottom:0;font-style:normal;font-weight:700\">Zapytaj o cen\u0119*<\/p>\n\n\n\n<ul class=\"wp-block-list\">\n<li>Pakiet przygotowany pod indywidualne potrzeby klienta.<\/li>\n<\/ul>\n<\/div>\n<\/div>\n\n\n\n<div style=\"height:29px\" aria-hidden=\"true\" class=\"wp-block-spacer\"><\/div>\n\n\n\n<div class=\"wp-block-group alignwide has-global-padding is-content-justification-left is-layout-constrained wp-container-core-group-is-layout-12dd3699 wp-block-group-is-layout-constrained\">\n<p class=\"has-small-font-size\">* Ceny netto za jednego uczestnika kursu.<\/p>\n<\/div>\n\n\n\n<figure class=\"wp-block-image alignwide size-large\"><img decoding=\"async\" src=\"http:\/\/www.nawacka.pl\/wp-content\/uploads\/2023\/03\/Bio_Justyna2.png\" alt=\"\"\/><\/figure>\n","protected":false},"excerpt":{"rendered":"<p>WARSZTATYMAKIJA\u017bU Oferta dla firm Warsztaty dla kobiet to: Warsztaty to \u015bwietna propozycja na: Przebieg warsztat\u00f3w:\u2022 Podstawy piel\u0119gnacji sk\u00f3ry i przygotowanie jej pod makija\u017c\u2022 Om\u00f3wienie etap\u00f3w makija\u017cu\u2022 Wykonanie makija\u017cu w\u0142a\u015bciwego pod opiek\u0105 instruktora\u2022 Wzbogacenie makija\u017cu o elementy makija\u017cu wieczorowego\u2022 Podsumowanie efekt\u00f3w pracy\u2022 Pytania i odpowiedzi Zapewniamy:\u2022 Akcesoria do wykonania makija\u017cu (lustra, p\u0119dzle itd.)\u2022 Luksusowe kosmetyki do [&hellip;]<\/p>\n","protected":false},"author":1,"featured_media":0,"parent":0,"menu_order":0,"comment_status":"closed","ping_status":"closed","template":"","meta":{"footnotes":""},"class_list":["post-188","page","type-page","status-publish","hentry"],"_links":{"self":[{"href":"https:\/\/kittygarden.cloud\/index.php\/wp-json\/wp\/v2\/pages\/188","targetHints":{"allow":["GET"]}}],"collection":[{"href":"https:\/\/kittygarden.cloud\/index.php\/wp-json\/wp\/v2\/pages"}],"about":[{"href":"https:\/\/kittygarden.cloud\/index.php\/wp-json\/wp\/v2\/types\/page"}],"author":[{"embeddable":true,"href":"https:\/\/kittygarden.cloud\/index.php\/wp-json\/wp\/v2\/users\/1"}],"replies":[{"embeddable":true,"href":"https:\/\/kittygarden.cloud\/index.php\/wp-json\/wp\/v2\/comments?post=188"}],"version-history":[{"count":13,"href":"https:\/\/kittygarden.cloud\/index.php\/wp-json\/wp\/v2\/pages\/188\/revisions"}],"predecessor-version":[{"id":202,"href":"https:\/\/kittygarden.cloud\/index.php\/wp-json\/wp\/v2\/pages\/188\/revisions\/202"}],"wp:attachment":[{"href":"https:\/\/kittygarden.cloud\/index.php\/wp-json\/wp\/v2\/media?parent=188"}],"curies":[{"name":"wp","href":"https:\/\/api.w.org\/{rel}","templated":true}]}}